{"id":103,"date":"2023-11-03T17:12:56","date_gmt":"2023-11-03T16:12:56","guid":{"rendered":"https:\/\/wbggiebel.ch\/?page_id=103"},"modified":"2023-11-08T20:33:17","modified_gmt":"2023-11-08T19:33:17","slug":"fundament-wer-wir-sind-und-was-wir-tun","status":"publish","type":"page","link":"https:\/\/wbggiebel.ch\/index.php\/fundament-wer-wir-sind-und-was-wir-tun\/","title":{"rendered":"Fundament \u2013 wer wir sind und was wir tun"},"content":{"rendered":"<div id=\"metaslider-id-238\" style=\"width: 100%;\" class=\"ml-slider-3-107-0 metaslider metaslider-flex metaslider-238 ml-slider has-dots-nav ms-theme-outline\" role=\"region\" aria-label=\"Wer wir sind\" data-height=\"500\" data-width=\"1000\">\n    <div id=\"metaslider_container_238\">\n        <div id=\"metaslider_238\">\n            <ul class='slides'>\n                <li style=\"display: block; width: 100%;\" class=\"slide-298 ms-image \" aria-roledescription=\"slide\" data-date=\"2023-11-04 12:55:17\" data-filename=\"DSC_1612-scaled-1000x500.jpg\" data-slide-type=\"image\"><img loading=\"lazy\" decoding=\"async\" src=\"https:\/\/wbggiebel.ch\/wp-content\/uploads\/2023\/11\/DSC_1612-scaled-1000x500.jpg\" height=\"500\" width=\"1000\" alt=\"\" class=\"slider-238 slide-298 msDefaultImage\" title=\"DSC_1612\" \/><\/li>\n                <li style=\"display: none; width: 100%;\" class=\"slide-299 ms-image \" aria-roledescription=\"slide\" data-date=\"2023-11-04 12:55:18\" data-filename=\"DSC_1634-scaled-1000x500.jpg\" data-slide-type=\"image\"><img loading=\"lazy\" decoding=\"async\" src=\"https:\/\/wbggiebel.ch\/wp-content\/uploads\/2023\/11\/DSC_1634-scaled-1000x500.jpg\" height=\"500\" width=\"1000\" alt=\"\" class=\"slider-238 slide-299 msDefaultImage\" title=\"DSC_1634\" \/><\/li>\n                <li style=\"display: none; width: 100%;\" class=\"slide-300 ms-image \" aria-roledescription=\"slide\" data-date=\"2023-11-04 12:55:18\" data-filename=\"DSC_1646-scaled-1000x500.jpg\" data-slide-type=\"image\"><img loading=\"lazy\" decoding=\"async\" src=\"https:\/\/wbggiebel.ch\/wp-content\/uploads\/2023\/11\/DSC_1646-scaled-1000x500.jpg\" height=\"500\" width=\"1000\" alt=\"\" class=\"slider-238 slide-300 msDefaultImage\" title=\"DSC_1646\" \/><\/li>\n                <li style=\"display: none; width: 100%;\" class=\"slide-301 ms-image \" aria-roledescription=\"slide\" data-date=\"2023-11-04 12:55:18\" data-filename=\"DSC_1602-scaled-1000x500.jpg\" data-slide-type=\"image\"><img loading=\"lazy\" decoding=\"async\" src=\"https:\/\/wbggiebel.ch\/wp-content\/uploads\/2023\/11\/DSC_1602-scaled-1000x500.jpg\" height=\"500\" width=\"1000\" alt=\"\" class=\"slider-238 slide-301 msDefaultImage\" title=\"DSC_1602\" \/><\/li>\n                <li style=\"display: none; width: 100%;\" class=\"slide-302 ms-image \" aria-roledescription=\"slide\" data-date=\"2023-11-04 12:55:19\" data-filename=\"DSC0082-scaled-1000x500.jpg\" data-slide-type=\"image\"><img loading=\"lazy\" decoding=\"async\" src=\"https:\/\/wbggiebel.ch\/wp-content\/uploads\/2023\/11\/DSC0082-scaled-1000x500.jpg\" height=\"500\" width=\"1000\" alt=\"\" class=\"slider-238 slide-302 msDefaultImage\" title=\"_DSC0082\" \/><\/li>\n                <li style=\"display: none; width: 100%;\" class=\"slide-303 ms-image \" aria-roledescription=\"slide\" data-date=\"2023-11-04 12:55:19\" data-filename=\"DSC0016-scaled-1000x500.jpg\" data-slide-type=\"image\"><img loading=\"lazy\" decoding=\"async\" src=\"https:\/\/wbggiebel.ch\/wp-content\/uploads\/2023\/11\/DSC0016-scaled-1000x500.jpg\" height=\"500\" width=\"1000\" alt=\"\" class=\"slider-238 slide-303 msDefaultImage\" title=\"_DSC0016\" \/><\/li>\n                <li style=\"display: none; width: 100%;\" class=\"slide-304 ms-image \" aria-roledescription=\"slide\" data-date=\"2023-11-04 12:55:19\" data-filename=\"IMG_6529klein-rotated-900x450.jpg\" data-slide-type=\"image\"><img loading=\"lazy\" decoding=\"async\" src=\"https:\/\/wbggiebel.ch\/wp-content\/uploads\/2023\/11\/IMG_6529klein-rotated-900x450.jpg\" height=\"500\" width=\"1000\" alt=\"\" class=\"slider-238 slide-304 msDefaultImage\" title=\"IMG_6529klein\" \/><\/li>\n                <li style=\"display: none; width: 100%;\" class=\"slide-305 ms-image \" aria-roledescription=\"slide\" data-date=\"2023-11-04 12:55:20\" data-filename=\"Kueche_1-1000x500.jpg\" data-slide-type=\"image\"><img loading=\"lazy\" decoding=\"async\" src=\"https:\/\/wbggiebel.ch\/wp-content\/uploads\/2023\/11\/Kueche_1-1000x500.jpg\" height=\"500\" width=\"1000\" alt=\"\" class=\"slider-238 slide-305 msDefaultImage\" title=\"Ku\u0308che_1\" \/><\/li>\n                <li style=\"display: none; width: 100%;\" class=\"slide-306 ms-image \" aria-roledescription=\"slide\" data-date=\"2023-11-04 12:55:20\" data-filename=\"Kairo_2-1000x500.jpg\" data-slide-type=\"image\"><img loading=\"lazy\" decoding=\"async\" src=\"https:\/\/wbggiebel.ch\/wp-content\/uploads\/2023\/11\/Kairo_2-1000x500.jpg\" height=\"500\" width=\"1000\" alt=\"\" class=\"slider-238 slide-306 msDefaultImage\" title=\"Kairo_2\" \/><\/li>\n                <li style=\"display: none; width: 100%;\" class=\"slide-307 ms-image \" aria-roledescription=\"slide\" data-date=\"2023-11-04 12:55:21\" data-filename=\"DSCF6011-1000x500.jpg\" data-slide-type=\"image\"><img loading=\"lazy\" decoding=\"async\" src=\"https:\/\/wbggiebel.ch\/wp-content\/uploads\/2023\/11\/DSCF6011-1000x500.jpg\" height=\"500\" width=\"1000\" alt=\"\" class=\"slider-238 slide-307 msDefaultImage\" title=\"DSCF6011\" \/><\/li>\n            <\/ul>\n        <\/div>\n        \n    <\/div>\n<\/div>\n\n\n\n<h2 class=\"wp-block-heading\">wer wir sind und was wir tun<\/h2>\n\n\n\n<p><br>Die \u00abGenossenschaft Giebel\u00bb ist eine im Handelsregister eingetragene gemeinn\u00fctzige Genossenschaft im Sinne von Art. 828ff OR. Die Genossenschafter:innen lassen sich zwei Gruppen zuordnen: Einerseits die einfachen Genossenschafter:innen, die nicht in einem der H\u00e4user wohnen, dem Projekt aber nahe stehen. Sie zeichnen einen Anteilschein von 200 Franken. Andererseits die Bewohner:innen, die zus\u00e4tzlich zur Eintrittsgeb\u00fchr Anteilscheine im Wert von 10&#8217;000 Franken zeichnen.<br><br><span id=\"verwaltung\">Der Vorstand\/die Verwaltung<\/span> der Genossenschaft besteht aus f\u00fcnf Mitgliedern, f\u00fchrt die Gesch\u00e4fte, h\u00e4lt die Geb\u00e4ude in gutem baulichen Zustand und sorgt \u2013 wo n\u00f6tig und sinnvoll \u2013 f\u00fcr eine \u00f6kologische, zeitgem\u00e4sse Erneuerung.<br>Im Interesse einer\u00a0ausgewogenen Interessensvertretung sind immer mindestens zwei Vertretungen pro H\u00e4user gew\u00fcnscht. Vorstand\u00a0organisiert sich selber und kann Aufgaben delegieren.<br>Aktuelle Verwaltungs-\/Vorstandsmitglieder sind: Julia Suter, Caro B\u00fchler, Isabel Uehlinger, Til R\u00f6sler, Christina Frosio, Mario Bernhard<\/p>\n\n\n\n<p><br>Die ordentliche Generalversammlung der WBG Giebel findet einmal j\u00e4hrlich statt. Ihre Aufgaben und Kompetenzen sind in den Statuten unter Artikel 6 festgeschrieben. Wichtige Kompetenzen besitzt die Generalversammlung der Hausbewohner:innen (Statuten Art. 7). Sie entscheidet bei der Nutzung gemeinsamer R\u00e4ume, bei kleineren Bauvorhaben und Erneuerungen. In beiden H\u00e4usern regeln die Bewohner:innen die Alltagsfragen in je eigenen, regelm\u00e4ssigen Haussitzungen.<\/p>\n\n\n\n<h3 class=\"wp-block-heading\">wir MACHen wOHnPOLiTiK<\/h3>\n\n\n\n<p>Die WBG Giebel betreibt Wohnpolitik: Als gemeinn\u00fctzige Organisation verrechnen wir den Mieter:innen nur die ausgewiesenen Kosten als Miete. Die H\u00e4user der WBG Giebel sind jeder spekulativen Verwendung entzogen und sichern langfristig g\u00fcnstigen Wohnraum. Wir sind nicht gewinnorientiert, sondern dem Gemeinwohl verpflichtet. Gewinne fliessen in den Unterhalt, die Modernisierung oder Installation von \u00f6kologischen Erneuerungen wie beispielsweise eine Solaranlage f\u00fcr die Warmwasser-aufbereitung.<br>Wohnraum ist \u2013 nicht nur in der Stadt Bern \u2013 ein knappes Gut. Die WBG Giebel ist besorgt darum, dass die Wohnungen nicht unterbelegt sind, das heisst: In der Regel nicht mehr als ein Raum \u00fcber der Anzahl Personen im Haushalt (siehe. Belegungsrichtlinien).<br>Die Vernetzung mit anderen (kleineren und gr\u00f6sseren) Wohnbaugenossenschaften und das Engagement im Verband der gemeinn\u00fctzigen Wohnbautr\u00e4ger ist f\u00fcr uns eine Selbstverst\u00e4ndlichkeit. Nicht bloss, um Ressourcen zu nutzen, sondern vor allem, um das genossenschaftliche Wohnen zu f\u00f6rdern (siehe <a href=\"https:\/\/wbggiebel.ch\/index.php\/fenster\/\" data-type=\"page\" data-id=\"95\">Fenster<\/a>).<\/p>\n\n\n\n<h3 class=\"wp-block-heading\">wir wACHsen<\/h3>\n\n\n\n<p>Die WBG Giebel verf\u00fcgt \u00fcber langj\u00e4hrige Erfahrung in erfolgreicher Verwaltungspraxis, sie rechnet vorsichtig und umsichtig, das finanzielle Kapital ist solid \u2013 beste Voraussetzungen, um weiter zu wachsen. Wir sind interessiert daran, mehr genossenschaftlichen Wohnraum zu schaffen und suchen nach geeigneten H\u00e4usern in der Stadt Bern, in denen wir bedarfsorientiert und nach \u00f6kologischen Standards vielf\u00e4ltig bewohnbaren, preiswerten Wohnraum gestalten k\u00f6nnen (siehe <a href=\"https:\/\/wbggiebel.ch\/index.php\/haeuser-x\/\" data-type=\"page\" data-id=\"185\">H\u00e4user \u2013 X?<\/a>).<\/p>\n","protected":false},"excerpt":{"rendered":"<p>wer wir sind und was wir tun Die \u00abGenossenschaft Giebel\u00bb ist eine im Handelsregister eingetragene gemeinn\u00fctzige Genossenschaft im Sinne von Art. 828ff OR. Die Genossenschafter:innen lassen sich zwei Gruppen zuordnen: Einerseits die einfachen Genossenschafter:innen, die nicht in einem der H\u00e4user wohnen, dem Projekt aber nahe stehen. Sie zeichnen einen Anteilschein von 200 Franken. Andererseits die &hellip; <a href=\"https:\/\/wbggiebel.ch\/index.php\/fundament-wer-wir-sind-und-was-wir-tun\/\" class=\"more-link\"><span class=\"screen-reader-text\">&#8220;Fundament \u2013 wer wir sind und was wir tun&#8221; <\/span>weiterlesen<\/a><\/p>\n","protected":false},"author":1,"featured_media":0,"parent":0,"menu_order":102,"comment_status":"closed","ping_status":"closed","template":"","meta":{"footnotes":""},"class_list":["post-103","page","type-page","status-publish","hentry"],"_links":{"self":[{"href":"https:\/\/wbggiebel.ch\/index.php\/wp-json\/wp\/v2\/pages\/103","targetHints":{"allow":["GET"]}}],"collection":[{"href":"https:\/\/wbggiebel.ch\/index.php\/wp-json\/wp\/v2\/pages"}],"about":[{"href":"https:\/\/wbggiebel.ch\/index.php\/wp-json\/wp\/v2\/types\/page"}],"author":[{"embeddable":true,"href":"https:\/\/wbggiebel.ch\/index.php\/wp-json\/wp\/v2\/users\/1"}],"replies":[{"embeddable":true,"href":"https:\/\/wbggiebel.ch\/index.php\/wp-json\/wp\/v2\/comments?post=103"}],"version-history":[{"count":14,"href":"https:\/\/wbggiebel.ch\/index.php\/wp-json\/wp\/v2\/pages\/103\/revisions"}],"predecessor-version":[{"id":367,"href":"https:\/\/wbggiebel.ch\/index.php\/wp-json\/wp\/v2\/pages\/103\/revisions\/367"}],"wp:attachment":[{"href":"https:\/\/wbggiebel.ch\/index.php\/wp-json\/wp\/v2\/media?parent=103"}],"curies":[{"name":"wp","href":"https:\/\/api.w.org\/{rel}","templated":true}]}}