{"id":129,"date":"2023-11-03T18:11:46","date_gmt":"2023-11-03T17:11:46","guid":{"rendered":"https:\/\/wbggiebel.ch\/?page_id=129"},"modified":"2026-01-20T17:26:10","modified_gmt":"2026-01-20T16:26:10","slug":"fundament-depositenkasse","status":"publish","type":"page","link":"https:\/\/wbggiebel.ch\/index.php\/fundament-depositenkasse\/","title":{"rendered":"Fundament \u2013 Finanzierung"},"content":{"rendered":"<div id=\"metaslider-id-133\" style=\"width: 100%;\" class=\"ml-slider-3-107-0 metaslider metaslider-flex metaslider-133 ml-slider has-dots-nav ms-theme-outline\" role=\"region\" aria-label=\"Finanzierung\" data-height=\"500\" data-width=\"1000\">\n    <div id=\"metaslider_container_133\">\n        <div id=\"metaslider_133\">\n            <ul class='slides'>\n                <li style=\"display: block; width: 100%;\" class=\"slide-135 ms-image \" aria-roledescription=\"slide\" data-date=\"2023-11-03 18:12:42\" data-filename=\"FB74AB0FF27049D5-scaled-1000x500.jpg\" data-slide-type=\"image\"><img loading=\"lazy\" decoding=\"async\" src=\"https:\/\/wbggiebel.ch\/wp-content\/uploads\/2023\/11\/FB74AB0FF27049D5-scaled-1000x500.jpg\" height=\"500\" width=\"1000\" alt=\"\" class=\"slider-133 slide-135 msDefaultImage\" title=\"FB74AB0FF27049D5\" \/><\/li>\n                <li style=\"display: none; width: 100%;\" class=\"slide-309 ms-image \" aria-roledescription=\"slide\" data-date=\"2023-11-04 12:57:15\" data-filename=\"DSC_1678-scaled-1000x500.jpg\" data-slide-type=\"image\"><img loading=\"lazy\" decoding=\"async\" src=\"https:\/\/wbggiebel.ch\/wp-content\/uploads\/2023\/11\/DSC_1678-scaled-1000x500.jpg\" height=\"500\" width=\"1000\" alt=\"\" class=\"slider-133 slide-309 msDefaultImage\" title=\"DSC_1678\" \/><\/li>\n                <li style=\"display: none; width: 100%;\" class=\"slide-310 ms-image \" aria-roledescription=\"slide\" data-date=\"2023-11-04 12:57:15\" data-filename=\"RIMG0053-scaled-1000x500.jpg\" data-slide-type=\"image\"><img loading=\"lazy\" decoding=\"async\" src=\"https:\/\/wbggiebel.ch\/wp-content\/uploads\/2023\/11\/RIMG0053-scaled-1000x500.jpg\" height=\"500\" width=\"1000\" alt=\"\" class=\"slider-133 slide-310 msDefaultImage\" title=\"Exif_JPEG_PICTURE\" \/><\/li>\n                <li style=\"display: none; width: 100%;\" class=\"slide-457 ms-image \" aria-roledescription=\"slide\" data-date=\"2023-11-10 15:40:54\" data-filename=\"treppendach-500x250.jpg\" data-slide-type=\"image\"><img loading=\"lazy\" decoding=\"async\" src=\"https:\/\/wbggiebel.ch\/wp-content\/uploads\/2023\/11\/treppendach-500x250.jpg\" height=\"500\" width=\"1000\" alt=\"\" class=\"slider-133 slide-457 msDefaultImage\" title=\"treppendach\" \/><\/li>\n                <li style=\"display: none; width: 100%;\" class=\"slide-458 ms-image \" aria-roledescription=\"slide\" data-date=\"2023-11-10 15:40:54\" data-filename=\"DSCF5986-e1699101248783-1000x500.jpg\" data-slide-type=\"image\"><img loading=\"lazy\" decoding=\"async\" src=\"https:\/\/wbggiebel.ch\/wp-content\/uploads\/2023\/11\/DSCF5986-e1699101248783-1000x500.jpg\" height=\"500\" width=\"1000\" alt=\"\" class=\"slider-133 slide-458 msDefaultImage\" title=\"DSCF5986\" \/><\/li>\n                <li style=\"display: none; width: 100%;\" class=\"slide-460 ms-image \" aria-roledescription=\"slide\" data-date=\"2023-11-10 15:40:54\" data-filename=\"Himmelueber2-rotated-1000x500.jpg\" data-slide-type=\"image\"><img loading=\"lazy\" decoding=\"async\" src=\"https:\/\/wbggiebel.ch\/wp-content\/uploads\/2023\/11\/Himmelueber2-rotated-1000x500.jpg\" height=\"500\" width=\"1000\" alt=\"\" class=\"slider-133 slide-460 msDefaultImage\" title=\"MINOLTA DIGITAL CAMERA\" \/><\/li>\n                <li style=\"display: none; width: 100%;\" class=\"slide-459 ms-image \" aria-roledescription=\"slide\" data-date=\"2023-11-10 15:40:54\" data-filename=\"Kairo_Eingang-600x300.jpg\" data-slide-type=\"image\"><img loading=\"lazy\" decoding=\"async\" src=\"https:\/\/wbggiebel.ch\/wp-content\/uploads\/2023\/11\/Kairo_Eingang-600x300.jpg\" height=\"500\" width=\"1000\" alt=\"\" class=\"slider-133 slide-459 msDefaultImage\" title=\"Kairo_Eingang\" \/><\/li>\n            <\/ul>\n        <\/div>\n        \n    <\/div>\n<\/div>\n\n\n\n<h2 class=\"wp-block-heading\">Finanzierung<\/h2>\n\n\n\n<h3 class=\"wp-block-heading\">Anteilkapital<\/h3>\n\n\n\n<p>Das Anteilkapital der Genossenschafter:innen ist eine wichtige Grundlage der Genossenschaft. Das Anteilkapital setzt sich aus den Anteilscheinen der Mitglieder zusammen und wird gegen\u00fcber der Bank als Eigenkapital&nbsp; ausgewiesen. (ein Anteilschein betr\u00e4gt&nbsp;CHF&nbsp;200.00) Das Anteilkapital wird nicht verzinst und wird dir bei einem Austritt aus der Genossenschaft im Nominalwert zur\u00fcckerstattet.<br><br>Mitgliedschaft:<\/p>\n\n\n\n<ul class=\"wp-block-list\">\n<li>Nat\u00fcrliche Personen. Nur aktuelle und ehemaligen Mieter:innen k\u00f6nnen Genossenschafter:in der WBG Giebel sein.<\/li>\n\n\n\n<li>Juristische Personen k\u00f6nnen auf Antrag an den Vorstand Mitglied der Genossenschaft werden.<\/li>\n<\/ul>\n\n\n\n<p>Um Genossenschafter:in der WBG Giebel zu werden, musst du einen Anteilschein von CHF 200.00 kaufen und eine Wohnung\/ein Zimmer der WBG Giebel beziehen. Zus\u00e4tzlich sollte ein Anteilkapital von CHF 10&#8217;000.00 einbezahlt werden. Ausnahmen sind in Absprache mit der Verwaltung m\u00f6glich. Es besteht auch die M\u00f6glichkeit, bei der Finanzierung des Anteilkapitals auf Geld aus der Pensionskasse (2. S\u00e4ule) zur\u00fcckzugreifen. Bei einem Austritt aus der Wohnbaugenossenschaft wird das Geld vollumf\u00e4nglich der Pensionskasse zur\u00fcckbezahlt. Als Genossenschafter:in bist du an der Generalversammlung stimmberechtigt und erh\u00e4ltst regelm\u00e4ssig Informationen \u00fcber Events und News aus der Genossenschaft.<\/p>\n\n\n\n<h3 class=\"wp-block-heading\">Darlehen<\/h3>\n\n\n\n<p>Wenn du die Idee des genossenschaftlichen und selbstverwalteten Wohnens unterst\u00fctzen m\u00f6chtest, gew\u00e4hre uns ein Darlehen (Laufzeit je nach Vertrag f\u00fcnf bis zehn Jahre).<br>Bei der Verzinsung richten wir uns nach dem Referenzzinssatz des Bundesamt f\u00fcr Wohnungswesen (BWO) \u2013 siehe <a href=\"#zinsberechnung\" data-type=\"internal\" data-id=\"#zinsberechnung\">Zinsberechnung<\/a>.&nbsp; Du kannst dich auch f\u00fcr ein zinsloses Darlehen entscheiden. Es wird ein Vertrag abgeschlossen, in dem alle Einzelheiten (Betrag, Zins, Laufzeit) festgehalten werden.<\/p>\n\n\n\n<h3 class=\"wp-block-heading\">Depositenkasse<\/h3>\n\n\n\n<p>Du er\u00f6ffnest bei der Depositenkasse der WBG Giebel ein Konto. Deine Geldeinlage von mindestens CHF 1&#8217;000.00 bis maximal CHF 100&#8217;000.00 wird ab dem ersten Tag verzinst \u2013 siehe <a href=\"#zinsberechnung\" data-type=\"internal\" data-id=\"#zinsberechnung\">Zinsberechnung<\/a>. Das Auszahlen von Einlagen aus der Depositenkasse kann je nach H\u00f6he des Betrages mit einer K\u00fcndigungsfrist von einem bis sechs Monaten erfolgen. Einzelheiten sind im <a rel=\"noreferrer noopener\" href=\"http:\/\/wbggiebel.ch\/wp-content\/uploads\/2023\/11\/giebel_depokasse_reglement_141123.pdf\" data-type=\"attachment\" data-id=\"343\" target=\"_blank\">Depositenreglement<\/a> der WBG Giebel aufgef\u00fchrt.<\/p>\n\n\n\n<h3 class=\"wp-block-heading\" id=\"zinsberechnung\">Zinsberechnung<\/h3>\n\n\n\n<p>Unsere Zinss\u00e4tze f\u00fcr Darlehen und Depositeneinlagen werden j\u00e4hrlich angepasst. Bei der Berechnung richten wir uns nach dem Referenzzinssatz des BWO, Stand 02.12. f\u00fcr das Folgejahr.<\/p>\n\n\n\n<p><strong>Aktuelle Zinss\u00e4tze f\u00fcr 2026<br><\/strong>Darlehen: 0.75%<br>Referenzzinssatz BWO 1,25% (Stand 02.12. 2025) minus 0.5%<br>Depositenkasse: 0.5% <br>Referenzzinssatz BWO 1,25% (Stand 02.12. 2025) minus 0.75%<\/p>\n","protected":false},"excerpt":{"rendered":"<p>Finanzierung Anteilkapital Das Anteilkapital der Genossenschafter:innen ist eine wichtige Grundlage der Genossenschaft. Das Anteilkapital setzt sich aus den Anteilscheinen der Mitglieder zusammen und wird gegen\u00fcber der Bank als Eigenkapital&nbsp; ausgewiesen. (ein Anteilschein betr\u00e4gt&nbsp;CHF&nbsp;200.00) Das Anteilkapital wird nicht verzinst und wird dir bei einem Austritt aus der Genossenschaft im Nominalwert zur\u00fcckerstattet. Mitgliedschaft: Um Genossenschafter:in der WBG &hellip; <a href=\"https:\/\/wbggiebel.ch\/index.php\/fundament-depositenkasse\/\" class=\"more-link\"><span class=\"screen-reader-text\">&#8220;Fundament \u2013 Finanzierung&#8221; <\/span>weiterlesen<\/a><\/p>\n","protected":false},"author":1,"featured_media":0,"parent":0,"menu_order":103,"comment_status":"closed","ping_status":"closed","template":"","meta":{"footnotes":""},"class_list":["post-129","page","type-page","status-publish","hentry"],"_links":{"self":[{"href":"https:\/\/wbggiebel.ch\/index.php\/wp-json\/wp\/v2\/pages\/129","targetHints":{"allow":["GET"]}}],"collection":[{"href":"https:\/\/wbggiebel.ch\/index.php\/wp-json\/wp\/v2\/pages"}],"about":[{"href":"https:\/\/wbggiebel.ch\/index.php\/wp-json\/wp\/v2\/types\/page"}],"author":[{"embeddable":true,"href":"https:\/\/wbggiebel.ch\/index.php\/wp-json\/wp\/v2\/users\/1"}],"replies":[{"embeddable":true,"href":"https:\/\/wbggiebel.ch\/index.php\/wp-json\/wp\/v2\/comments?post=129"}],"version-history":[{"count":19,"href":"https:\/\/wbggiebel.ch\/index.php\/wp-json\/wp\/v2\/pages\/129\/revisions"}],"predecessor-version":[{"id":561,"href":"https:\/\/wbggiebel.ch\/index.php\/wp-json\/wp\/v2\/pages\/129\/revisions\/561"}],"wp:attachment":[{"href":"https:\/\/wbggiebel.ch\/index.php\/wp-json\/wp\/v2\/media?parent=129"}],"curies":[{"name":"wp","href":"https:\/\/api.w.org\/{rel}","templated":true}]}}