{"id":185,"date":"2023-11-03T18:51:05","date_gmt":"2023-11-03T17:51:05","guid":{"rendered":"https:\/\/wbggiebel.ch\/?page_id=185"},"modified":"2023-11-04T12:23:29","modified_gmt":"2023-11-04T11:23:29","slug":"haeuser-x","status":"publish","type":"page","link":"https:\/\/wbggiebel.ch\/index.php\/haeuser-x\/","title":{"rendered":"H\u00e4user \u2013X?"},"content":{"rendered":"<div id=\"metaslider-id-189\" style=\"width: 100%;\" class=\"ml-slider-3-107-0 metaslider metaslider-flex metaslider-189 ml-slider has-dots-nav ms-theme-outline\" role=\"region\" aria-label=\"neue??\" data-height=\"500\" data-width=\"1000\">\n    <div id=\"metaslider_container_189\">\n        <div id=\"metaslider_189\">\n            <ul class='slides'>\n                <li style=\"display: block; width: 100%;\" class=\"slide-191 ms-image \" aria-roledescription=\"slide\" data-date=\"2023-11-03 18:51:49\" data-filename=\"X_-881x440.png\" data-slide-type=\"image\"><img loading=\"lazy\" decoding=\"async\" src=\"https:\/\/wbggiebel.ch\/wp-content\/uploads\/2023\/11\/X_-881x440.png\" height=\"500\" width=\"1000\" alt=\"\" class=\"slider-189 slide-191 msDefaultImage\" title=\"X_\" \/><\/li>\n            <\/ul>\n        <\/div>\n        \n    <\/div>\n<\/div>\n\n\n\n<h2 class=\"wp-block-heading\">X?<\/h2>\n\n\n\n<p>Der Wunsch nach genossenschaflichem Wohnraum w\u00e4chst \u2013 in der Schweiz, in Bern, im deinem Quartier. Die WBG Giebel verf\u00fcgt \u00fcber langj\u00e4hrige Erfahrung in Ausbau, Renovation, Geb\u00e4ude- erhalt und Verwaltungspraxis. Sie rechnet vorsichtig und umsichtig, das finanzielle Kapital ist solide \u2013 beste Voraussetzungen also, um sanft und gezielt zu erweitern. Wir sind interessiert daran und haben dank unserem langj\u00e4hrigen Wissen und den vorhandenen Ressourcen die M\u00f6glichkeit, mehr genossenschaftlichen Wohnraum zu schaffen. Deswegen suchen wir nach geeigneten H\u00e4usern, in denen wir bedarfsorientiert und nach \u00f6kologischen Standards vielf\u00e4ltig bewohnbaren, preiswerten Wohnraum gestalten k\u00f6nnen.<br>Selten genug werden H\u00e4user zum Verkauf angeboten. Wenn doch, werden sie zu Preisen verkauft, die unseren Grunds\u00e4tzen des g\u00fcnstigen und \u00f6kologischen Wohnraumes zuwider laufen, oder anders gesagt: Viel zu teuer. Chancen haben Genossenschaften dann, wenn Vermieter:innen nicht lediglich gewinnorientiert verkaufen wollen, sondern auch ihnen am Quartier und den zuk\u00fcnftigen Mieter:innen gelegen ist.<br>Falls \u00abIhr\u00bb \/ \u00abdein\u00bb Haus verkauft werden soll, sind wir daran interessiert, den Besitzer:innen unsere Genossenschaft vorzustellen und so g\u00fcnstigen Wohnraum m\u00f6glich zu machen. Wenn Sie \/ du also von einem Verkauf erfahren \/ erf\u00e4hrst: Informieren Sie \/ Informiere uns bitte \u2013 per Mail, per Post, pers\u00f6nlich. Damit Bern lebenswert bleibt.<\/p>\n","protected":false},"excerpt":{"rendered":"<p>X? Der Wunsch nach genossenschaflichem Wohnraum w\u00e4chst \u2013 in der Schweiz, in Bern, im deinem Quartier. Die WBG Giebel verf\u00fcgt \u00fcber langj\u00e4hrige Erfahrung in Ausbau, Renovation, Geb\u00e4ude- erhalt und Verwaltungspraxis. Sie rechnet vorsichtig und umsichtig, das finanzielle Kapital ist solide \u2013 beste Voraussetzungen also, um sanft und gezielt zu erweitern. Wir sind interessiert daran und &hellip; <a href=\"https:\/\/wbggiebel.ch\/index.php\/haeuser-x\/\" class=\"more-link\"><span class=\"screen-reader-text\">&#8220;H\u00e4user \u2013X?&#8221; <\/span>weiterlesen<\/a><\/p>\n","protected":false},"author":1,"featured_media":0,"parent":0,"menu_order":200,"comment_status":"closed","ping_status":"closed","template":"","meta":{"footnotes":""},"class_list":["post-185","page","type-page","status-publish","hentry"],"_links":{"self":[{"href":"https:\/\/wbggiebel.ch\/index.php\/wp-json\/wp\/v2\/pages\/185","targetHints":{"allow":["GET"]}}],"collection":[{"href":"https:\/\/wbggiebel.ch\/index.php\/wp-json\/wp\/v2\/pages"}],"about":[{"href":"https:\/\/wbggiebel.ch\/index.php\/wp-json\/wp\/v2\/types\/page"}],"author":[{"embeddable":true,"href":"https:\/\/wbggiebel.ch\/index.php\/wp-json\/wp\/v2\/users\/1"}],"replies":[{"embeddable":true,"href":"https:\/\/wbggiebel.ch\/index.php\/wp-json\/wp\/v2\/comments?post=185"}],"version-history":[{"count":5,"href":"https:\/\/wbggiebel.ch\/index.php\/wp-json\/wp\/v2\/pages\/185\/revisions"}],"predecessor-version":[{"id":234,"href":"https:\/\/wbggiebel.ch\/index.php\/wp-json\/wp\/v2\/pages\/185\/revisions\/234"}],"wp:attachment":[{"href":"https:\/\/wbggiebel.ch\/index.php\/wp-json\/wp\/v2\/media?parent=185"}],"curies":[{"name":"wp","href":"https:\/\/api.w.org\/{rel}","templated":true}]}}