{"id":59,"date":"2023-11-03T16:09:08","date_gmt":"2023-11-03T15:09:08","guid":{"rendered":"https:\/\/wbggiebel.ch\/?page_id=59"},"modified":"2026-03-04T09:47:04","modified_gmt":"2026-03-04T08:47:04","slug":"fundament-die-wohnbaugenossenschaft-giebel","status":"publish","type":"page","link":"https:\/\/wbggiebel.ch\/","title":{"rendered":"Fundament \u2013 die Wohnbaugenossenschaft Giebel"},"content":{"rendered":"<div id=\"metaslider-id-29\" style=\"width: 100%;\" class=\"ml-slider-3-107-0 metaslider metaslider-flex metaslider-29 ml-slider has-dots-nav ms-theme-outline\" role=\"region\" aria-label=\"Fundament \u2013 die Wohnbaugenossenschaft Giebel\" data-height=\"500\" data-width=\"1000\">\n    <div id=\"metaslider_container_29\">\n        <div id=\"metaslider_29\">\n            <ul class='slides'>\n                <li style=\"display: block; width: 100%;\" class=\"slide-52 ms-image \" aria-roledescription=\"slide\" data-date=\"2023-11-03 15:56:24\" data-filename=\"2964049F90EE4734-scaled-1000x500.jpg\" data-slide-type=\"image\"><img loading=\"lazy\" decoding=\"async\" src=\"https:\/\/wbggiebel.ch\/wp-content\/uploads\/2023\/11\/2964049F90EE4734-scaled-1000x500.jpg\" height=\"500\" width=\"1000\" alt=\"\" class=\"slider-29 slide-52 msDefaultImage\" title=\"2964049F90EE4734\" \/><\/li>\n                <li style=\"display: none; width: 100%;\" class=\"slide-42 ms-image \" aria-roledescription=\"slide\" data-date=\"2023-11-03 15:56:21\" data-filename=\"Kairo_3-1000x500.jpg\" data-slide-type=\"image\"><img loading=\"lazy\" decoding=\"async\" src=\"https:\/\/wbggiebel.ch\/wp-content\/uploads\/2023\/11\/Kairo_3-1000x500.jpg\" height=\"500\" width=\"1000\" alt=\"\" class=\"slider-29 slide-42 msDefaultImage\" title=\"Kairo_3\" \/><\/li>\n                <li style=\"display: none; width: 100%;\" class=\"slide-43 ms-image \" aria-roledescription=\"slide\" data-date=\"2023-11-03 15:56:22\" data-filename=\"IMG_5127klein-1000x500.jpg\" data-slide-type=\"image\"><img loading=\"lazy\" decoding=\"async\" src=\"https:\/\/wbggiebel.ch\/wp-content\/uploads\/2023\/11\/IMG_5127klein-1000x500.jpg\" height=\"500\" width=\"1000\" alt=\"\" class=\"slider-29 slide-43 msDefaultImage\" title=\"IMG_5127klein\" \/><\/li>\n                <li style=\"display: none; width: 100%;\" class=\"slide-46 ms-image \" aria-roledescription=\"slide\" data-date=\"2023-11-03 15:56:22\" data-filename=\"DSC00162-1000x500.jpg\" data-slide-type=\"image\"><img loading=\"lazy\" decoding=\"async\" src=\"https:\/\/wbggiebel.ch\/wp-content\/uploads\/2023\/11\/DSC00162-1000x500.jpg\" height=\"500\" width=\"1000\" alt=\"\" class=\"slider-29 slide-46 msDefaultImage\" title=\"DSC00162\" \/><\/li>\n                <li style=\"display: none; width: 100%;\" class=\"slide-40 ms-image \" aria-roledescription=\"slide\" data-date=\"2023-11-03 15:56:21\" data-filename=\"Prinzessinnen1-1000x500.jpg\" data-slide-type=\"image\"><img loading=\"lazy\" decoding=\"async\" src=\"https:\/\/wbggiebel.ch\/wp-content\/uploads\/2023\/11\/Prinzessinnen1-1000x500.jpg\" height=\"500\" width=\"1000\" alt=\"\" class=\"slider-29 slide-40 msDefaultImage\" title=\"MINOLTA DIGITAL CAMERA\" \/><\/li>\n                <li style=\"display: none; width: 100%;\" class=\"slide-49 ms-image \" aria-roledescription=\"slide\" data-date=\"2023-11-03 15:56:23\" data-filename=\"DSC_8912-scaled-1000x500.jpg\" data-slide-type=\"image\"><img loading=\"lazy\" decoding=\"async\" src=\"https:\/\/wbggiebel.ch\/wp-content\/uploads\/2023\/11\/DSC_8912-scaled-1000x500.jpg\" height=\"500\" width=\"1000\" alt=\"\" class=\"slider-29 slide-49 msDefaultImage\" title=\"DSC_8912\" \/><\/li>\n                <li style=\"display: none; width: 100%;\" class=\"slide-50 ms-image \" aria-roledescription=\"slide\" data-date=\"2023-11-03 15:56:24\" data-filename=\"DSC_8849-scaled-1000x500.jpg\" data-slide-type=\"image\"><img loading=\"lazy\" decoding=\"async\" src=\"https:\/\/wbggiebel.ch\/wp-content\/uploads\/2023\/11\/DSC_8849-scaled-1000x500.jpg\" height=\"500\" width=\"1000\" alt=\"\" class=\"slider-29 slide-50 msDefaultImage\" title=\"DSC_8849\" \/><\/li>\n                <li style=\"display: none; width: 100%;\" class=\"slide-51 ms-image \" aria-roledescription=\"slide\" data-date=\"2023-11-03 15:56:24\" data-filename=\"DSC_1595-scaled-1000x500.jpg\" data-slide-type=\"image\"><img loading=\"lazy\" decoding=\"async\" src=\"https:\/\/wbggiebel.ch\/wp-content\/uploads\/2023\/11\/DSC_1595-scaled-1000x500.jpg\" height=\"500\" width=\"1000\" alt=\"\" class=\"slider-29 slide-51 msDefaultImage\" title=\"DSC_1595\" \/><\/li>\n                <li style=\"display: none; width: 100%;\" class=\"slide-54 ms-image \" aria-roledescription=\"slide\" data-date=\"2023-11-03 15:56:25\" data-filename=\"DSC_0557-scaled-1000x500.jpg\" data-slide-type=\"image\"><img loading=\"lazy\" decoding=\"async\" src=\"https:\/\/wbggiebel.ch\/wp-content\/uploads\/2023\/11\/DSC_0557-scaled-1000x500.jpg\" height=\"500\" width=\"1000\" alt=\"\" class=\"slider-29 slide-54 msDefaultImage\" title=\"DSC_0557\" \/><\/li>\n                <li style=\"display: none; width: 100%;\" class=\"slide-56 ms-image \" aria-roledescription=\"slide\" data-date=\"2023-11-03 15:56:26\" data-filename=\"CHB4324-scaled-1000x500.jpg\" data-slide-type=\"image\"><img loading=\"lazy\" decoding=\"async\" src=\"https:\/\/wbggiebel.ch\/wp-content\/uploads\/2023\/11\/CHB4324-scaled-1000x500.jpg\" height=\"500\" width=\"1000\" alt=\"\" class=\"slider-29 slide-56 msDefaultImage\" title=\"_CHB4324\" \/><\/li>\n                <li style=\"display: none; width: 100%;\" class=\"slide-461 ms-image \" aria-roledescription=\"slide\" data-date=\"2023-11-10 15:41:33\" data-filename=\"Katz-1000x500.jpg\" data-slide-type=\"image\"><img loading=\"lazy\" decoding=\"async\" src=\"https:\/\/wbggiebel.ch\/wp-content\/uploads\/2023\/11\/Katz-1000x500.jpg\" height=\"500\" width=\"1000\" alt=\"\" class=\"slider-29 slide-461 msDefaultImage\" title=\"Katz\" \/><\/li>\n                <li style=\"display: none; width: 100%;\" class=\"slide-462 ms-image \" aria-roledescription=\"slide\" data-date=\"2023-11-10 15:41:33\" data-filename=\"Prinzessinnen1-1000x500.jpg\" data-slide-type=\"image\"><img loading=\"lazy\" decoding=\"async\" src=\"https:\/\/wbggiebel.ch\/wp-content\/uploads\/2023\/11\/Prinzessinnen1-1000x500.jpg\" height=\"500\" width=\"1000\" alt=\"\" class=\"slider-29 slide-462 msDefaultImage\" title=\"MINOLTA DIGITAL CAMERA\" \/><\/li>\n            <\/ul>\n        <\/div>\n        \n    <\/div>\n<\/div>\n\n\n\n<h2 class=\"wp-block-heading\">die Wohnbaugenossenschaft Giebel<\/h2>\n\n\n\n<p><br>Die Wohnbaugenossenschaft WBG Giebel (gegr\u00fcndet 1985, Sitz in Bern) setzt sich f\u00fcr selbstverwaltetes, preisg\u00fcnstiges und umweltgerechtes Wohnen ein.<br>Die WBG hat 1996 das bauf\u00e4llige Haus am <a href=\"https:\/\/wbggiebel.ch\/index.php\/haeuser-d43\/\" data-type=\"page\" data-id=\"150\">Dammweg 43<\/a> in Bern erworben, es folgte 2004 die <a href=\"https:\/\/wbggiebel.ch\/index.php\/haeuser-l65\/\" data-type=\"page\" data-id=\"154\">Lorrainestrasse 65<\/a> in Bern und schliesslich 2021 die <a href=\"https:\/\/wbggiebel.ch\/index.php\/haeuser-o32\/\" data-type=\"page\" data-id=\"177\">Oberdorfstrasse 32<\/a> in Ostermundigen.<\/p>\n\n\n\n<p>Zur Oberdorfstrasse 32 ist in \u00abWOHNEN \u2013 Zeitschrift f\u00fcr genossenschaftlichen Wohnungsbau\u00bb ein <a href=\"http:\/\/wbggiebel.ch\/wp-content\/uploads\/2026\/03\/wohnen_giebel_o32.pdf\">Artikel (pdf)<\/a> erschienen.<\/p>\n","protected":false},"excerpt":{"rendered":"<p>die Wohnbaugenossenschaft Giebel Die Wohnbaugenossenschaft WBG Giebel (gegr\u00fcndet 1985, Sitz in Bern) setzt sich f\u00fcr selbstverwaltetes, preisg\u00fcnstiges und umweltgerechtes Wohnen ein.Die WBG hat 1996 das bauf\u00e4llige Haus am Dammweg 43 in Bern erworben, es folgte 2004 die Lorrainestrasse 65 in Bern und schliesslich 2021 die Oberdorfstrasse 32 in Ostermundigen. Zur Oberdorfstrasse 32 ist in \u00abWOHNEN &hellip; <a href=\"https:\/\/wbggiebel.ch\/\" class=\"more-link\"><span class=\"screen-reader-text\">&#8220;Fundament \u2013 die Wohnbaugenossenschaft Giebel&#8221; <\/span>weiterlesen<\/a><\/p>\n","protected":false},"author":1,"featured_media":0,"parent":0,"menu_order":100,"comment_status":"closed","ping_status":"closed","template":"","meta":{"footnotes":""},"class_list":["post-59","page","type-page","status-publish","hentry"],"_links":{"self":[{"href":"https:\/\/wbggiebel.ch\/index.php\/wp-json\/wp\/v2\/pages\/59","targetHints":{"allow":["GET"]}}],"collection":[{"href":"https:\/\/wbggiebel.ch\/index.php\/wp-json\/wp\/v2\/pages"}],"about":[{"href":"https:\/\/wbggiebel.ch\/index.php\/wp-json\/wp\/v2\/types\/page"}],"author":[{"embeddable":true,"href":"https:\/\/wbggiebel.ch\/index.php\/wp-json\/wp\/v2\/users\/1"}],"replies":[{"embeddable":true,"href":"https:\/\/wbggiebel.ch\/index.php\/wp-json\/wp\/v2\/comments?post=59"}],"version-history":[{"count":8,"href":"https:\/\/wbggiebel.ch\/index.php\/wp-json\/wp\/v2\/pages\/59\/revisions"}],"predecessor-version":[{"id":566,"href":"https:\/\/wbggiebel.ch\/index.php\/wp-json\/wp\/v2\/pages\/59\/revisions\/566"}],"wp:attachment":[{"href":"https:\/\/wbggiebel.ch\/index.php\/wp-json\/wp\/v2\/media?parent=59"}],"curies":[{"name":"wp","href":"https:\/\/api.w.org\/{rel}","templated":true}]}}